t p = 104 - 68. Suppose -91 = 4*u - 11*u. What is the remainder when p is divided by u?
10
Let v(x) = -x + 49. Calculate the remainder when 117 is divided by v(19).
27
Let a = 83 - 17. Let o = 48 + -31. What is the remainder when a is divided by o?
15
What is the remainder when (-1)/(14/(-528)) + 2/7 is divided by 13?
12
What is the remainder when -22*(-3 + 2)/1 is divided by 12?
10
Let h = 0 + 11. Let u be (1/(-3))/((-1)/(-3)). Calculate the remainder when 13 is divided by u/(-2)*(-1 + h).
3
Suppose -59*b = -52*b - 63. What is the remainder when b is divided by 1?
0
Let r(n) = -10*n - 3. Calculate the remainder when 65 is divided by r(-2).
14
Let s(f) be the first derivative of 19*f**3/3 + f**2/2 - 1. Calculate the remainder when 70 is divided by s(-1).
16
Let a = -11 + 27. Suppose 2*j = 6*j + 4*l - a, -2*j - 2 = -3*l. What is the remainder when 4 is divided by j/1 - 0/(-1)?
0
Let a = 5 - -2. Suppose 9*r = 4*r + 90. What is the remainder when r is divided by a?
4
Calculate the remainder when 3 is divided by (-18)/12*4/(-6).
0
Let a be ((-24)/10)/((-36)/480). Let d = 53 - a. Let c = 174 + -112. What is the remainder when c is divided by d?
20
Suppose -5*u = g - 628, 192 = 3*u + 5*g - 176. What is the remainder when 16 is divided by 28/u - 52/(-9)?
4
Let n be 5 - 0*2/(-4). Suppose -2*x = -4*g - 5 + 91, n*x = -3*g + 97. Let l(j) = j**2 + 16*j + 13. What is the remainder when g is divided by l(-16)?
11
Calculate the remainder when 49 is divided by 180/7 - (-36)/126.
23
Suppose -4*o = o - 175. Let z(s) = s**2 - 5*s + 6. Suppose 5*k = -c + 26, 0*k = -c - 4*k + 22. Calculate the remainder when o is divided by z(c).
11
Let l = 201 - 83. Suppose -l = -3*y + 53. What is the remainder when y is divided by 15?
12
Let t(l) = 4*l - 13. Suppose 14 = -w + 7*s - 2*s, 0 = 3*w + 4*s - 34. Calculate the remainder when 54 is divided by t(w).
10
Suppose 2*v - 107 = 5*p, 0 = -v + 6*p - 2*p + 46. What is the remainder when v is divided by 17?
15
Calculate the remainder when 118 is divided by 43 + 4 + -6 + -1.
38
Let l(h) = -h**3 - h**2 - 1. Let o be l(-2). Let t be ((-26)/(-6))/((-1)/o). Let w = 30 + t. What is the remainder when 32 is divided by w?
15
What is the remainder when 273 is divided by 106/4 + -2 + (-4)/(-8)?
23
Suppose 5*j = 678 + 312. What is the remainder when j is divided by 40?
38
Let h = 19 - 14. Calculate the remainder when 81 is divided by 21/(-2)*(h - 7).
18
Let v(q) = -q**3 - 3*q**2 + 4*q + 1. Let d be v(-4). Suppose -2*t - 179 = -4*l + 9, 0 = 2*l - 2*t - 90. What is the remainder when l is divided by d/(-4)*2*-34?
15
Suppose -4*v + 2*w = 424, -4*v - 174 = 2*w + 242. Let i = -31 - v. What is the remainder when i is divided by 19?
17
Suppose -3*l + 27 = -12. Let q = 22 + -27. Let d(w) = 2*w**2 - w - 6. What is the remainder when d(q) is divided by l?
10
Let v(p) = -2*p**2 + 21*p - 9. What is the remainder when 122 is divided by v(8)?
29
Let m(a) = a**2 + a - 2. Let r be m(0). Let t = -10 + 19. What is the remainder when ((-25)/(-3))/(r/(-6)) is divided by t?
7
Suppose 344*c - 336*c = 360. Suppose -k - 38 = -4*b + k, 0 = b + 4*k - 32. Calculate the remainder when c is divided by b.
9
Let f(v) = -v**3 - 14*v**2 + 14*v - 1. Calculate the remainder when 53 is divided by f(-15).
11
Calculate the remainder when 8 is divided by 3 + (-4)/12*3.
0
Suppose q = -3*q. Calculate the remainder when ((q - 2) + 3)*9 is divided by 3.
0
Suppose 2*x = 5*i - 31 - 78, -4*x + 12 = 0. Calculate the remainder when i is divided by 13.
10
Let v be (-51)/(-15) - (-4)/(-10). Let k(n) = -n**2 + 3*n - 4. Let j be k(v). What is the remainder when j/14 - 405/(-21) is divided by 10?
9
Suppose 2*w + 24 = -5*s + 3*w, -4*s = -5*w + 15. Let o = 11 + s. Suppose -2*p - 64 = -6*p. Calculate the remainder when p is divided by o.
4
Let c = -35 + 60. Suppose 0 = -11*u + 6*u + c. Calculate the remainder when u is divided by 2.
1
Let c = -10 + 10. Suppose c*z = 4*z + b - 64, -3*b = -z + 3. What is the remainder when z is divided by 4?
3
Let n = 4 - 0. Calculate the remainder when -8*2*(-2)/n is divided by 3.
2
Let j(z) = -z**2 - 11*z - 9. Suppose 3*q + 2*b = -16, b = -q + 2 - 6. Calculate the remainder when 28 is divided by j(q).
13
Let y be 98/8 - 1/4. Let v be 3/y + (-7)/(-4). What is the remainder when 50 is divided by (0 - 1)*v + 19?
16
Let u = 4 + -2. Suppose -1 = -2*w + 1. What is the remainder when w is divided by (1/2)/(u/4)?
0
Suppose 4*v + 9 = 73. What is the remainder when 111 is divided by v?
15
Let y = 21 + -6. Calculate the remainder when y is divided by 7.
1
Let m be -7*1 - 4/2. Suppose 3*z - 5*f + 93 + 11 = 0, 4*f = -5*z - 124. Let g = m - z. What is the remainder when g is divided by 10?
9
Suppose 3*y + 15 = -0*y. Let x(v) = -5*v + 6. What is the remainder when 60 is divided by x(y)?
29
Let d = 7 - 5. Suppose -d*j - p + 2 + 5 = 0, 0 = 5*j + 5*p - 25. Suppose x + 3*b - 4 = 0, j*x + b - 24 = 3*b. What is the remainder when 19 is divided by x?
9
Let u(a) = -a + 8. Let r be u(5). Let z(n) = 2*n**2 + 5*n - r*n**2 + n + 3. What is the remainder when 23 is divided by z(5)?
7
Let q be ((-12)/(-14))/(1/(-7)). Let z = 30 + q. Calculate the remainder when 47 is divided by z.
23
Suppose -2*o = 2*o + 40. What is the remainder when (-216)/(-15) - 6/o is divided by 6?
3
Let w = -26 + 41. Suppose 50 = 2*a - 6. Calculate the remainder when a is divided by 0/2 + 1*w.
13
Suppose -132 - 23 = -4*m + u, m + 4*u - 43 = 0. Calculate the remainder when m is divided by 21.
18
What is the remainder when (39 + 3)/3 - 3 is divided by 3?
2
Let s(g) = 2*g - 4. Let z be s(3). Let h be (1 - -1)*(54/12)/(-9). What is the remainder when 35 is divided by z - ((-15 - 0) + h)?
17
Let d(f) = f**3 - f**2 + 10. Calculate the remainder when 18 is divided by d(0).
8
Let a(q) = -2*q**3 + 8*q**2 - 3*q + 4. Let j = -6 + 10. What is the remainder when a(3) is divided by j?
1
Calculate the remainder when 29 is divided by (-400)/(-32)*4/5.
9
Let m = -6 + 9. Suppose 4*o - 69 = -k, -2*k + m*o + 134 - 40 = 0. Calculate the remainder when k is divided by 14.
11
Let k = -103 - -144. What is the remainder when 159 is divided by k?
36
Suppose -j - 5*b + 175 = 4*j, 4*j - b - 150 = 0. Calculate the remainder when j is divided by 19.
18
Let f(p) = -p**2 + 8*p - 5. Let m be 20/15*(-3)/(-2). Suppose 4*l = m*g + 6*l, -l + 4 = 3*g. What is the remainder when f(7) is divided by g?
0
Calculate the remainder when 7 is divided by 1 + (-2)/(-2) + 1.
1
Let o(p) = -p**2 - 6*p + 3. Let n be (-2)/10 + 156/30. Suppose x + 4*h - n = 2*h, -3*x + 3*h = -15. What is the remainder when o(-5) is divided by x?
3
Let d be (-158)/(-3) + (-4)/6. Let n = d - 11. Suppose m - 5*z - 67 = -2*m, -85 = -5*m + 3*z. Calculate the remainder when n is divided by m.
13
Let i = 133 - 120. Calculate the remainder when 49 is divided by i.
10
Let u(d) = -d - 1. Let o be u(-6). Suppose -o*m - 15 = -120. Let g(x) = x**3 + 6*x**2 - x + 5. Calculate the remainder when m is divided by g(-6).
10
Let v(d) = d**3 - d**2 - d + 5. Suppose -21 + 1 = -4*j. Suppose 4*o + 8 = -j*b + 6*o, -8 = -4*b - 2*o. What is the remainder when 14 is divided by v(b)?
4
What is the remainder when 675/6*2/3 is divided by 26?
23
Let b = 40 + -34. Let g = -5 + 22. What is the remainder when g is divided by b?
5
Let a(q) = -q**3 - 19*q**2 + 3. Calculate the remainder when a(-19) is divided by 3.
0
Let p = 77 + -38. Suppose -s + p = -5. Calculate the remainder when s is divided by 15.
14
Let f(h) = -5 + 0*h - 2*h + h**2 - 2*h + 1. What is the remainder when f(5) is divided by 1*-2 - -1 - -2?
0
Calculate the remainder when 59 is divided by 5*(-7)/((-14)/8).
19
Suppose h + w - 5*w + 44 = 0, -4*h - 5*w = 197. Let t = h - -90. Suppose 55 = 4*z + z. What is the remainder when t is divided by z?
9
Suppose 3*y - 3 = -0*y. Let w be -1 - (-3 + (0 - y)). Suppose p - 27 = -w*x, 6*x + 2*p = 3*x + 24. Calculate the remainder when 19 is divided by x.
9
Let s(l) = 3*l + 20. Calculate the remainder when 15/6*(-6)/(-5) is divided by s(-6).
1
Let d = 13 - 8. Let f = 2 + d. What is the remainder when 20 is divided by (f/(-4))/(2/(-8))?
6
Let m(u) = -3*u - 3. Let b be m(-5). Let l = b + 17. Suppose 20 = 2*n + 2*g, n - 6*n - g = -70. What is the remainder when l is divided by n?
14
Suppose i - 6*o + 2*o - 53 = 0, -5*i + 